-224. List the prime factors of l.
2, 5, 13
Let w(h) = 6*h - 12. Let n be w(9). Suppose -n = -3*y - 7*k + 3*k, 4*k + 28 = 4*y. Suppose 0 = -2*c - i + 25 + y, c - i = 13. List the prime factors of c.
2
Suppose -4*t - 11*d + 251 = -6*d, -2*d = 10. List the prime factors of t.
3, 23
Let z = -23 + 47. List the prime factors of z.
2, 3
Suppose -33 = -5*h + 42. What are the prime factors of h?
3, 5
Let s = 6 + 31. List the prime factors of s.
37
List the prime factors of (-30)/(-10)*(22 + -3).
3, 19
Suppose -3*g - 4*v = -26, -3*g - 9 = -6*v + 3*v. Suppose -p + g*t = -76, 2*p + 3*p + t = 369. Suppose -5*h + p - 19 = 0. What are the prime factors of h?
11
Suppose w + 4*u = 2*u + 1, u - 18 = -3*w. Let m = w - 4. Suppose 4*c - m*v = 29, -3*c + v + 0*v = -18. What are the prime factors of c?
5
Let s = 228 + -161. List the prime factors of s.
67
Let f = 21 - 6. What are the prime factors of f?
3, 5
Let u(y) = y**3 + 5*y**2 - 5*y + 3. Let i be u(-6). Let o = 13 - i. What are the prime factors of o?
2
Let u(t) = 7*t**2 - 6*t + 36. What are the prime factors of u(5)?
181
Suppose -p = -2*p. Suppose p = -0*y + 3*y - 36. What are the prime factors of y?
2, 3
Suppose -5*g + 11 = -2*i, g + 1 = -4*i + 4*g. Suppose i = -2*k + 3*k, 0 = -5*v - 2*k + 14. What are the prime factors of v?
2
List the prime factors of ((-48)/20)/6*-40.
2
Let y(w) = -w**2 + 2*w + 143. What are the prime factors of y(0)?
11, 13
Suppose -35 = -5*j + 20. Suppose 2*n = -8, a + j*n - 6*n = -22. What are the prime factors of (a/3)/(1/(-15))?
2, 5
Suppose 0 = x - 4*x. Let o = -3 - x. List the prime factors of 18/(-2)*(2 + o).
3
Let p = -82 + 140. List the prime factors of p.
2, 29
Let a = -11 - -25. Let o(d) = -d**3 - d**2 + 8*d + 6. Let g be o(-5). List the prime factors of g/a - 8/(-28).
5
List the prime factors of (1272/30)/(2 - (-9)/(-5)).
2, 53
Let j be 55/2*60/25. Suppose 3 = g, -4*t + 2*g = 4*g - j. List the prime factors of t.
3, 5
Suppose -6*t = -604 + 130. List the prime factors of t.
79
Let i(m) = -m + 11. Suppose 0*f + 3*f = 0. List the prime factors of i(f).
11
Let i = 91 - 36. Let k = 39 - i. Let a = 22 + k. List the prime factors of a.
2, 3
Suppose 350 = a + 6*a. What are the prime factors of a?
2, 5
Let i(h) = -h + 3. Let m be i(3). Suppose m = -5*d + 75 + 70. What are the prime factors of d?
29
Let w = 11 - -7. List the prime factors of w.
2, 3
Let z be ((-16)/6)/(8/(-12)). Suppose f - z*w + 14 - 36 = 0, -3*f + 5*w = -52. List the prime factors of f.
2, 7
Let f be (10/(-15))/(2/(-159)). What are the prime factors of f/4 - (-3)/(-12)?
13
Let o(g) = -g**3 - 5*g**2 + 3*g + 5. Let x be o(-5). Let z be 62/(-4) + (-5)/x. Let u = -5 - z. What are the prime factors of u?
2, 5
Let k be (0 - -3) + -1 + 3. Let o be ((-2)/5)/(k/(-100)). What are the prime factors of ((-68)/o)/(1/(-2))?
17
Let v(b) = b**3 + 5*b**2 + 6*b + 5. Let t be v(-4). List the prime factors of (1 - -2)/(t/(-2)).
2
Suppose 3*b - 2 = 2*b. List the prime factors of (2/(-6))/(b/(-66)).
11
Suppose 0 = 2*n - p - 63, 62 = -2*n + 4*n - 2*p. Suppose 4 = 4*y + 4*g - n, 0 = 2*g. What are the prime factors of y?
3
Let j(b) = -52*b**3 + 2*b**2 + 3*b - 3. Let h be j(2). List the prime factors of h/(-11) - 36/(-198).
37
Suppose 0 = 3*o - 7 + 1. Let z be o - (-4 + -1 + 3). Suppose 5*n - 2*c - 26 = 0, 3*c + 12 + 6 = z*n. What are the prime factors of n?
2, 3
Let h(d) = 4*d - 3. Let t = 8 - 6. Let w be h(t). Suppose 2*c = 2*f - 22, w*c - 44 = -4*f + 3*c. List the prime factors of f.
11
Let c = -9 - -16. What are the prime factors of (c - 4)*(-26)/(-6)?
13
Let c be 4 - (3 + -1) - -2. Let b be (9/(-6))/((-3)/c). Suppose -b*p = 3*p - 35. List the prime factors of p.
7
List the prime factors of -4 - 2/(12/(-1530)).
251
Let r be 1 - 2/(-2)*43. Suppose -4*b = 2*s - r, 2*s + 5 = -b + 22. What are the prime factors of b?
3
Let k be 8/(-3 - (-28)/8). Suppose -3*g - k = -b, b = -2*b + 3*g + 66. What are the prime factors of b?
5
Suppose 2*s - 5 = 5. Suppose -2*i = -3*i - s*u - 5, 3*u = -2*i + 4. Suppose 0 = 4*y + 4*o - 8, 0*y - i*o = -2*y + 25. List the prime factors of y.
5
Let c(i) = 18*i - 18. List the prime factors of c(5).
2, 3
Let b be (-2952)/(-21) + (-8)/14. Suppose -b = -o - 3*o - 3*n, -5*n + 84 = 2*o. What are the prime factors of o?
2
Let p(g) = -2 + g + 10*g**2 - 6*g**2 + 0*g. List the prime factors of p(-2).
2, 3
Let y(t) = -t**3 - 6*t**2 - 2*t - 4. Let p be y(-6). Let r be (3/4)/(2/p). Suppose 0 = r*o - 1 - 5. What are the prime factors of o?
2
Let a = -39 + 94. List the prime factors of a.
5, 11
Suppose 5*r + 239 = 4*x, -3*x - 4*r - 179 = -6*x. List the prime factors of x.
61
What are the prime factors of -2*((-114)/4 + 3)?
3, 17
Let a(b) = b + 3. Let h be a(-6). Let g(p) = 13 - 1 - 3 - p - 8. What are the prime factors of g(h)?
2
Let z(t) = 2*t + 36. What are the prime factors of z(25)?
2, 43
List the prime factors of ((-100)/(-8) - 5)/(1/18).
3, 5
Let v(u) = -1 + 0*u**2 + u**2 + u**3 + 2*u**2 + u - 6*u**2. What are the prime factors of v(4)?
19
Let q(z) be the second derivative of -z**3/6 + 6*z**2 + z. Let w be (2 - 8/2) + 2. List the prime factors of q(w).
2, 3
Suppose -3*b - 4*t + 14 = 0, -5*b + 0*t = -t + 15. Let w = b + 4. List the prime factors of w.
2
Suppose 2*x - 8 - 2 = 0. Let k = 2 - 2. Suppose -x*i + 7 + 13 = k. List the prime factors of i.
2
Suppose 0 = 23*w - 31*w + 2176. List the prime factors of w.
2, 17
Suppose 0*u - 2 = -2*u. Let t be (2 + -4 - -1) + u. Let b(r) = -r**3 - r + 8. List the prime factors of b(t).
2
Suppose -5*k - o = -381, 2*k + o - 6*o - 174 = 0. List the prime factors of k.
7, 11
Suppose -13*i + i = -312. What are the prime factors of i?
2, 13
Suppose -4*q = 2*i - 56, 0 = -q + i + 18 - 7. List the prime factors of q.
13
Suppose 128 = 3*f - f. List the prime factors of f.
2
Let s(g) = -g + 0*g + 0 + 5 + 7. Let d be s(9). Suppose d*q - 8 = -2. List the prime factors of q.
2
Suppose -h + 0 - 1 = 0. Let f = h - -5. Suppose 5*v = f*y - 47 + 13, 5*y - 3*v = 49. What are the prime factors of y?
11
Suppose 8*n = 3*n - 5, 0 = -5*r + 3*n + 498. Suppose 3*y - r = -3*b, 5 = 2*b - b. List the prime factors of y.
2, 7
Suppose -3*l + 153 = -3*x + 4*x, -4*x + 12 = 0. Let i = l + -5. Suppose 0 = -5*t + 40 + i. What are the prime factors of t?
17
Suppose b + 3*x - 1 = 0, -2*b = 2*x - 10 - 8. What are the prime factors of b?
13
Let z(o) = -o**2 - o + 4. Let a be z(0). Let j be -8*(0 + (-26)/a). Suppose 0 = -4*q - 0 + j. List the prime factors of q.
13
Suppose 9 = 3*a - 2*a. Let s be (-2)/a + 76/18. Let x = 16 - s. List the prime factors of x.
2, 3
Suppose 5*y + 5*t + 70 = 0, 0*y + 2*y + 5*t = -40. List the prime factors of 4/y*(-59 - -4).
2, 11
Suppose -2*k = -0*k - 30. Suppose 0 = -o - 2*o - k. What are the prime factors of (18/15)/((-1)/o)?
2, 3
Let v = -26 - -73. Suppose 4*j + 5*o - v = 0, 2*j - 5*o + 1 = 2. What are the prime factors of j?
2
Let u(t) = -t**2 - 7*t - 9. What are the prime factors of u(-4)?
3
Let m(n) = 3*n**2 - 4 + n**2 + 1 - n**3 + 4*n**2 + 3*n. List the prime factors of m(8).
3, 7
Suppose 5*u + l + 238 - 806 = 0, -345 = -3*u - 2*l. What are the prime factors of u?
113
Let a(f) = 23*f - 11. What are the prime factors of a(7)?
2, 3, 5
Let h(v) = v**3 - 3*v**2 + 2*v - 1. Let y = 1 - -2. Let q be h(y). Suppose a = -4*z + 39, -q*z = -3*z - 8. List the prime factors of a.
23
Let t = -6 - -10. Let x = t + -1. What are the prime factors of x?
3
Let n(w) = 2*w + 4. Let c be n(-3). Let y = c - -14. List the prime factors of y.
2, 3
Suppose -2*f = -4*f - 8. Let v(s) = 3*s**2 + 6*s + 4. List the prime factors of v(f).
2, 7
Let a(l) = l**3 + 8*l**2 + 6*l - 3. Let o be a(-7). Suppose -34 = o*r + 110. List the prime factors of (-38)/(-9) + 8/r.
2
Let i be (-2)/(-5) - (-22)/(-5). Let q be (-1)/i + 23/4. What are the prime factors of q/9 - 19/(-3)?
7
Suppose -4*p + 2 = -3*p - 2*z, -4 = 4*z. Let s be 4*-1 + p + 1. Let i = s - -20. List the prime factors of i.
17
Suppose 3 = 5*l + 5*c - 2, 3*l + 4*c - 3 = 0. Let a = l + 18. What are the prime factors of a?
19
Let j(r) = r**3 + 5*r**2 - 2*r. Let m(l) = -l**2 - 6*l + 2. Let t be m(-7). List the prime factors of j(t).
2, 5
List the prime factors of (4 + 4)/(-4)*-16.
2
Let y = -162 - -254. List the prime factors of y.
2, 23
Let w(q) = -3*q**2 + 2 - 3 + 3*q**2 - 4